alculate the remainder when 634 is divided by 91.
88
What is the remainder when 775 is divided by 105?
40
What is the remainder when 6466 is divided by 61?
0
Calculate the remainder when 129690 is divided by 84.
78
What is the remainder when 13373 is divided by 3343?
1
What is the remainder when 40588 is divided by 5072?
12
What is the remainder when 86198 is divided by 46?
40
What is the remainder when 486712 is divided by 574?
534
Calculate the remainder when 7664 is divided by 145.
124
What is the remainder when 1031 is divided by 4?
3
Calculate the remainder when 33570 is divided by 1077.
183
What is the remainder when 423492 is divided by 605?
597
Calculate the remainder when 346146 is divided by 86520.
66
Calculate the remainder when 112516 is divided by 37479.
79
Calculate the remainder when 102596 is divided by 120.
116
What is the remainder when 14843 is divided by 7416?
11
What is the remainder when 5211 is divided by 959?
416
What is the remainder when 26105 is divided by 458?
457
Calculate the remainder when 1370 is divided by 161.
82
What is the remainder when 4547035 is divided by 11?
9
Calculate the remainder when 3485 is divided by 246.
41
What is the remainder when 294 is divided by 152?
142
Calculate the remainder when 2542404 is divided by 346.
342
What is the remainder when 165981 is divided by 55323?
12
What is the remainder when 2049 is divided by 225?
24
Calculate the remainder when 80903 is divided by 62.
55
Calculate the remainder when 1739 is divided by 43.
19
What is the remainder when 471968 is divided by 545?
543
Calculate the remainder when 13885 is divided by 3470.
5
Calculate the remainder when 82004 is divided by 105.
104
What is the remainder when 55441 is divided by 7?
1
What is the remainder when 351 is divided by 6?
3
Calculate the remainder when 3185 is divided by 177.
176
What is the remainder when 295 is divided by 100?
95
Calculate the remainder when 206 is divided by 90.
26
Calculate the remainder when 65581 is divided by 21855.
16
Calculate the remainder when 22177 is divided by 1848.
1
What is the remainder when 355 is divided by 29?
7
Calculate the remainder when 451517 is divided by 30099.
32
Calculate the remainder when 67520 is divided by 68.
64
Calculate the remainder when 7947 is divided by 1532.
287
What is the remainder when 22384 is divided by 1316?
12
Calculate the remainder when 843105 is divided by 28.
25
Calculate the remainder when 420594 is divided by 40.
34
What is the remainder when 9501 is divided by 21?
9
What is the remainder when 7495 is divided by 49?
47
Calculate the remainder when 608 is divided by 81.
41
Calculate the remainder when 18821 is divided by 26.
23
What is the remainder when 48598 is divided by 135?
133
Calculate the remainder when 8605 is divided by 1685.
180
What is the remainder when 6769 is divided by 607?
92
What is the remainder when 130 is divided by 110?
20
Calculate the remainder when 90723 is divided by 165.
138
What is the remainder when 3494 is divided by 42?
8
What is the remainder when 26079 is divided by 7?
4
Calculate the remainder when 75265 is divided by 31.
28
Calculate the remainder when 12250 is divided by 1300.
550
Calculate the remainder when 44189 is divided by 17.
6
Calculate the remainder when 5303 is divided by 1596.
515
Calculate the remainder when 11857 is divided by 213.
142
What is the remainder when 13343 is divided by 392?
15
What is the remainder when 4084 is divided by 67?
64
What is the remainder when 6538 is divided by 650?
38
Calculate the remainder when 465280 is divided by 116317.
12
Calculate the remainder when 38045 is divided by 1652.
49
What is the remainder when 7711 is divided by 22?
11
What is the remainder when 30629 is divided by 1225?
4
What is the remainder when 41868 is divided by 428?
352
Calculate the remainder when 2822 is divided by 924.
50
Calculate the remainder when 6153 is divided by 290.
63
What is the remainder when 71569 is divided by 35773?
23
Calculate the remainder when 1867642 is divided by 12.
10
Calculate the remainder when 234 is divided by 128.
106
Calculate the remainder when 3104 is divided by 176.
112
What is the remainder when 8613 is divided by 368?
149
Calculate the remainder when 5770 is divided by 1149.
25
What is the remainder when 1406 is divided by 438?
92
What is the remainder when 12378 is divided by 72?
66
What is the remainder when 10249 is divided by 5081?
87
What is the remainder when 478798 is divided by 84?
82
Calculate the remainder when 96185 is divided by 19223.
70
What is the remainder when 15763 is divided by 125?
13
What is the remainder when 4248 is divided by 84?
48
What is the remainder when 126632 is divided by 245?
212
Calculate the remainder when 100123 is divided by 81.
7
What is the remainder when 7643 is divided by 304?
43
What is the remainder when 12325 is divided by 237?
1
What is the remainder when 2044337 is divided by 13?
9
What is the remainder when 14032 is divided by 72?
64
Calculate the remainder when 15266 is divided by 437.
408
What is the remainder when 89677 is divided by 209?
16
What is the remainder when 597619 is divided by 43?
5
Calculate the remainder when 107341 is divided by 46.
23
What is the remainder when 9417 is divided by 285?
12
What is the remainder when 2633 is divided by 2624?
9
What is the remainder when 198827 is divided by 578?
573
What is the remainder when 172 is divided by 71?
30
What is the remainder when 20903 is divided by 104?
103
Calculate the remainder when 2298 is divided by 80.
58
Calculate the remainder when 102845 is divided by 17.
12
Calculate the remainder when 149756 is divided by 80.
76
What is the remainder when 7567 is divided by 15?
7
What is the remainder when 2289 is divided by 1386?
903
Calculate the remainder when 1658 is divided by 5.
3
What is the remainder when 13787 is divided by 1693?
243
Calculate the remainder when 154722 is divided by 51.
39
Calculate the remainder when 8987 is divided by 298.
47
What is the remainder when 19845 is divided by 239?
8
What is the remainder when 2717 is divided by 15?
2
What is the remainder when 1637573 is divided by 15?
8
What is the remainder when 194875 is divided by 1382?
13
What is the remainder when 5975 is divided by 222?
203
What is the remainder when 3831 is divided by 22?
3
What is the remainder when 348591 is divided by 601?
11
What is the remainder when 35132 is divided by 22?
20
What is the remainder when 5072 is divided by 47?
43
Calculate the remainder when 219619 is divided by 10.
9
What is the remainder when 35039 is divided by 59?
52
What is the remainder when 467475 is divided by 297?
294
What is the remainder when 6118 is divided by 2024?
46
Calculate the remainder when 209445 is divided by 355.
350
What is the remainder when 81462 is divided by 9050?
12
Calculate the remainder when 397 is divided by 363.
34
Calculate the remainder when 288798 is divided by 9.
6
Calculate the remainder when 958 is divided by 553.
405
Calculate the remainder when 3789 is divided by 3756.
33
Calculate the remainder when 48987 is divided by 3768.
3
What is the remainder when 78401 is divided by 9791?
73
What is the remainder when 188351 is divided by 12?
11
What is the remainder when 964 is divided by 24?
4
Calculate the remainder when 23429 is divided by 73.
69
What is the remainder when 979514 is divided by 9?
8
What is the remainder when 197767 is divided by 694?
671
Calculate the remainder when 19551 is divided by 1222.
1221
Calculate the remainder when 7477 is divided by 7467.
10
Calculate the remainder when 2526 is divided by 182.
160
Calculate the remainder when 9007 is divided by 56.
47
What is the remainder when 30309 is divided by 23?
18
Calculate the remainder when 21363 is divided by 2.
1
Calculate the remainder when 22069 is divided by 11034.
1
What is the remainder when 15881 is divided by 375?
131
Calculate the remainder when 901 is divided by 866.
35
What is the remainder when 1341955 is divided by 28?
27
What is the remainder when 283554 is divided by 109?
45
What is the remainder when 81452 is divided by 586?
584
What is the remainder when 11532 is divided by 44?
4
What is the remainder when 7653 is divided by 509?
18
Calculate the remainder wh